
7
What is the highest common factor of 8490 and 330?
30
What is the highest common factor of 134658 and 612?
18
What is the greatest common divisor of 907 and 10551131?
907
What is the highest common divisor of 103 and 65302?
103
Calculate the highest common factor of 182 and 17004.
26
What is the greatest common divisor of 45591 and 195?
39
What is the highest common factor of 14478 and 2159?
127
What is the greatest common divisor of 1164 and 9984?
12
What is the highest common factor of 136634 and 2862?
106
Calculate the highest common divisor of 24882 and 1001.
143
What is the highest common factor of 4329148 and 444?
148
Calculate the greatest common divisor of 15125 and 121.
121
Calculate the greatest common factor of 363370 and 435.
145
Calculate the highest common factor of 3744 and 9504.
288
Calculate the greatest common factor of 2208 and 48300.
276
What is the greatest common divisor of 1679 and 1971?
73
What is the highest common divisor of 43628 and 988?
52
Calculate the greatest common factor of 11046 and 672.
42
Calculate the highest common divisor of 65 and 7475.
65
What is the highest common factor of 2997 and 279387?
333
Calculate the highest common divisor of 126948 and 24.
12
What is the greatest common factor of 28404 and 2052?
108
What is the greatest common divisor of 253 and 200948?
11
Calculate the greatest common divisor of 105534 and 55.
11
What is the greatest common divisor of 14 and 47698?
14
Calculate the highest common divisor of 10945 and 12595.
55
Calculate the highest common factor of 3211 and 468.
13
Calculate the greatest common factor of 83025 and 567.
81
Calculate the highest common factor of 1989 and 527.
17
What is the greatest common divisor of 306 and 6624?
18
Calculate the greatest common divisor of 240 and 15576.
24
What is the highest common divisor of 14 and 81578?
14
Calculate the greatest common divisor of 1099 and 3899.
7
What is the highest common divisor of 182 and 2326?
2
Calculate the highest common factor of 4544 and 344.
8
What is the highest common factor of 9603 and 267429?
291
What is the greatest common divisor of 3654121 and 2524?
631
Calculate the greatest common divisor of 741 and 5662.
19
Calculate the highest common factor of 2887557 and 732.
183
Calculate the highest common divisor of 22538 and 4393.
191
Calculate the greatest common factor of 10730 and 1310.
10
Calculate the highest common factor of 65835 and 4235.
385
What is the greatest common factor of 404 and 1007374?
202
Calculate the greatest common divisor of 819 and 29952.
117
What is the greatest common divisor of 177372 and 624?
156
Calculate the greatest common factor of 759 and 87032.
253
What is the highest common factor of 1963080 and 18?
18
Calculate the highest common factor of 693 and 21098.
77
What is the highest common factor of 7106 and 1258?
34
Calculate the highest common factor of 5593 and 382721.
799
What is the greatest common factor of 15070 and 2167?
11
Calculate the greatest common factor of 271932 and 93.
93
Calculate the greatest common factor of 5892 and 36.
12
Calculate the greatest common divisor of 41 and 28741.
41
What is the greatest common divisor of 45930 and 30?
30
What is the highest common divisor of 90 and 1929?
3
Calculate the highest common divisor of 372307 and 169.
169
Calculate the highest common factor of 1472 and 10442.
46
What is the greatest common factor of 621 and 291249?
621
Calculate the greatest common divisor of 40 and 878340.
20
What is the highest common divisor of 92768 and 256?
32
What is the highest common divisor of 14 and 62734?
14
What is the greatest common factor of 68591 and 2428?
607
Calculate the highest common factor of 14337 and 118.
59
Calculate the greatest common factor of 2835 and 1350.
135
What is the greatest common divisor of 8025 and 53286?
321
What is the highest common factor of 6 and 1181865?
3
What is the highest common divisor of 66 and 274714?
22
What is the highest common divisor of 981 and 8284?
109
Calculate the highest common factor of 96940 and 814.
74
What is the greatest common divisor of 585 and 5730?
15
What is the greatest common factor of 1064 and 71383?
19
What is the highest common factor of 9129 and 153?
51
Calculate the highest common divisor of 43238 and 806.
26
Calculate the highest common divisor of 2 and 978304.
2
What is the greatest common factor of 1 and 2572?
1
Calculate the greatest common factor of 209625 and 5805.
645
Calculate the greatest common divisor of 5800776 and 228.
228
What is the highest common factor of 499488 and 396?
132
Calculate the highest common divisor of 18463 and 1497.
499
What is the highest common factor of 441727 and 396?
11
What is the greatest common divisor of 4320 and 1053?
27
What is the greatest common factor of 348347 and 1581?
527
What is the greatest common factor of 596 and 25372?
4
Calculate the highest common factor of 309135 and 222.
111
What is the greatest common factor of 3027 and 1777858?
1009
Calculate the highest common factor of 163540 and 340.
340
What is the highest common divisor of 87527 and 584?
73
What is the greatest common divisor of 11966 and 17546?
62
What is the greatest common divisor of 76755 and 840?
105
What is the greatest common divisor of 10 and 17105?
5
What is the greatest common factor of 527 and 5589889?
527
Calculate the highest common divisor of 28 and 215929.
7
What is the greatest common factor of 547 and 13071659?
547
Calculate the greatest common divisor of 1701 and 6720.
21
Calculate the greatest common divisor of 146360 and 32.
8
What is the highest common divisor of 36072 and 64?
8
What is the greatest common divisor of 200 and 34150?
50
Calculate the greatest common divisor of 90 and 36162.
18
Calculate the greatest common divisor of 399 and 1919.
19
Calculate the greatest common factor of 289839 and 33.
33
Calculate the highest common factor of 1840 and 58540.
20
What is the highest common factor of 123070 and 186?
62
Calculate the greatest common divisor of 3294 and 27938.
122
What is the greatest common divisor of 121122 and 1431?
27
Calculate the greatest common divisor of 1755 and 23139.
27
Calculate the greatest common divisor of 85 and 1173595.
85
Calculate the greatest common divisor of 1107495 and 180.
45
Calculate the greatest common factor of 1785 and 66385.
85
What is the greatest common factor of 12492 and 72?
36
Calculate the highest common factor of 2458739 and 548.
137
What is the highest common factor of 26 and 853814?
26
Calculate the highest common factor of 590 and 60.
10
Calculate the greatest common factor of 30932 and 740.
148
What is the highest common divisor of 271232 and 5252?
52
What is the greatest common factor of 1056 and 308?
44
What is the highest common factor of 707470 and 50?
10
Calculate the highest common divisor of 4122 and 8702.
458
What is the greatest common factor of 18172 and 11396?
308
What is the highest common factor of 95305 and 105?
35
What is the highest common factor of 154 and 746788?
14
What is the greatest common divisor of 44292 and 24?
12
Calculate the greatest common divisor of 9747 and 399.
57
Calculate the highest common factor of 1780 and 11.
1
What is the highest common factor of 1062 and 101362?
118
What is the greatest common divisor of 212 and 1802?
106
What is the highest common divisor of 21885 and 9?
3
Calculate the greatest common factor of 24751 and 53.
53
Calculate the greatest common divisor of 114 and 42807.
57
Calculate the greatest common divisor of 13501 and 138.
23
What is the greatest common divisor of 378 and 112779?
27
Calculate the greatest common divisor of 15543 and 1099.
157
Calculate the highest common divisor of 216 and 302724.
108
What is the greatest common factor of 621 and 59859?
27
What is the highest common factor of 4186 and 27586?
26
What is the highest common divisor of 186 and 1406997?
93
What is the greatest common factor of 16 and 135966?
2
Calculate the greatest common factor of 19 and 943198.
19
What is the greatest common divisor of 679030 and 330?
110
What is the highest common factor of 6515 and 265?
5
What is the greatest common divisor of 116357 and 1265?
23
Calculate the greatest common factor of 486 and 2646.
54
Calculate the greate